t is the ten thousands digit of 1091133301?
3
What is the hundred millions digit of 600874460?
6
What is the hundreds digit of 1541792357?
3
What is the units digit of 185690081?
1
What is the hundred thousands digit of 1600817857?
8
What is the thousands digit of 3975685866?
5
What is the tens digit of 2008089286?
8
What is the units digit of 168404784?
4
What is the hundreds digit of 155796609?
6
What is the units digit of 124735794?
4
What is the units digit of 24498084?
4
What is the units digit of 235378303?
3
What is the tens digit of 1727235772?
7
What is the hundred millions digit of 876395001?
8
What is the millions digit of 133976172?
3
What is the hundred millions digit of 328911696?
3
What is the units digit of 810801777?
7
What is the ten thousands digit of 124657287?
5
What is the hundred thousands digit of 115585366?
5
What is the tens digit of 463234761?
6
What is the thousands digit of 52854917?
4
What is the units digit of 56064387?
7
What is the ten thousands digit of 3192713087?
1
What is the units digit of 575206?
6
What is the ten thousands digit of 10453868?
5
What is the hundred millions digit of 824679651?
8
What is the billions digit of 1612176663?
1
What is the hundred millions digit of 1469649483?
4
What is the hundred thousands digit of 1124379164?
3
What is the ten millions digit of 97138711?
9
What is the tens digit of 194550010?
1
What is the hundred thousands digit of 106282857?
2
What is the thousands digit of 491830604?
0
What is the tens digit of 56332847?
4
What is the hundred millions digit of 426403167?
4
What is the ten thousands digit of 412091049?
9
What is the ten thousands digit of 181854514?
5
What is the ten millions digit of 2004831225?
0
What is the units digit of 1154564638?
8
What is the units digit of 83360292?
2
What is the hundred millions digit of 1044288343?
0
What is the thousands digit of 31395625?
5
What is the ten thousands digit of 162203657?
0
What is the hundred millions digit of 2552478566?
5
What is the thousands digit of 90873660?
3
What is the units digit of 40867393?
3
What is the millions digit of 2852276917?
2
What is the units digit of 1607059856?
6
What is the ten millions digit of 200030265?
0
What is the units digit of 643219?
9
What is the units digit of 7454791?
1
What is the ten millions digit of 294260320?
9
What is the units digit of 812923537?
7
What is the units digit of 642669679?
9
What is the hundreds digit of 596214960?
9
What is the thousands digit of 183299435?
9
What is the hundred thousands digit of 167563649?
5
What is the hundred millions digit of 1084183295?
0
What is the tens digit of 1452534266?
6
What is the hundreds digit of 216553?
5
What is the hundred millions digit of 3115378871?
1
What is the thousands digit of 287075921?
5
What is the thousands digit of 21365356?
5
What is the ten thousands digit of 1421500045?
0
What is the hundred millions digit of 1035304955?
0
What is the thousands digit of 360994473?
4
What is the hundreds digit of 372989156?
1
What is the hundreds digit of 110469612?
6
What is the millions digit of 45012102?
5
What is the billions digit of 1334011182?
1
What is the millions digit of 7617394770?
7
What is the ten millions digit of 389754223?
8
What is the billions digit of 1394661845?
1
What is the hundred thousands digit of 108760683?
7
What is the millions digit of 76188164?
6
What is the tens digit of 317231941?
4
What is the billions digit of 1497775523?
1
What is the ten thousands digit of 7781795828?
9
What is the hundreds digit of 738139124?
1
What is the hundreds digit of 419070592?
5
What is the tens digit of 22178897?
9
What is the millions digit of 5777750554?
7
What is the hundred millions digit of 120798249?
1
What is the tens digit of 24616435?
3
What is the ten millions digit of 91068069?
9
What is the ten thousands digit of 159666240?
6
What is the thousands digit of 224274584?
4
What is the millions digit of 87674678?
7
What is the ten millions digit of 727047145?
2
What is the hundreds digit of 5236855374?
3
What is the hundred thousands digit of 230101884?
1
What is the hundred millions digit of 8310523383?
3
What is the thousands digit of 64722482?
2
What is the hundred millions digit of 303112356?
3
What is the hundred millions digit of 550607274?
5
What is the millions digit of 66738410?
6
What is the ten millions digit of 1796467735?
9
What is the millions digit of 587069761?
7
What is the ten millions digit of 54556595?
5
What is the hundreds digit of 122272757?
7
What is the hundred thousands digit of 576574789?
5
What is the hundred thousands digit of 1131874486?
8
What is the tens digit of 4151661662?
6
What is the millions digit of 72574534?
2
What is the hundreds digit of 40388700?
7
What is the millions digit of 438600861?
8
What is the hundreds digit of 27280515?
5
What is the hundreds digit of 228187177?
1
What is the hundred thousands digit of 1147833138?
8
What is the ten thousands digit of 1243505229?
0
What is the hundreds digit of 87621490?
4
What is the units digit of 44912664?
4
What is the hundred thousands digit of 52367571?
3
What is the units digit of 48602961?
1
What is the ten thousands digit of 157711853?
1
What is the hundreds digit of 446347759?
7
What is the millions digit of 222115379?
2
What is the millions digit of 91774705?
1
What is the hundreds digit of 58004553?
5
What is the hundred thousands digit of 152309456?
3
What is the thousands digit of 1512970539?
0
What is the hundred millions digit of 119777250?
1
What is the hundred thousands digit of 2085777386?
7
What is the thousands digit of 34970808?
0
What is the billions digit of 3736996050?
3
What is the ten millions digit of 271087770?
7
What is the hundreds digit of 4559992184?
1
What is the thousands digit of 81130659?
0
What is the ten millions digit of 116996224?
1
What is the tens digit of 1062015574?
7
What is the ten millions digit of 466300959?
6
What is the millions digit of 489497271?
9
What is the thousands digit of 3827332?
7
What is the ten thousands digit of 132863137?
6
What is the hundreds digit of 106730591?
5
What is the hundred thousands digit of 83763419?
7
What is the hundred thousands digit of 1417347726?
3
What is the hundreds digit of 44556672?
6
What is the units digit of 21742609?
9
What is the thousands digit of 1296912271?
2
What is the billions digit of 5422226134?
5
What is the ten thousands digit of 23774446?
7
What is the millions digit of 66351437?
6
What is the ten millions digit of 403996106?
0
What is the tens digit of 70950331?
3
What is the units digit of 388988599?
9
What is the millions digit of 25373672?
5
What is the ten thousands digit of 37003146?
0
What is the hundred thousands digit of 1234478814?
4
What is the millions digit of 1513639313?
3
What is the ten millions digit of 2464304408?
6
What is the hundred millions digit of 431100197?
4
What is the hundreds digit of 263642813?
8
What is the hundred millions digit of 390161080?
3
What is the ten thousands digit of 54334423?
3
What is the ten millions digit of 89633595?
8
What is the hundred millions digit of 280082866?
2
What is the thousands digit of 1393586708?
6
What is the hundreds digit of 10311251?
2
What is the thousands digit of 4241600024?
0
What is the ten thousands digit of 358337774?
3
What is the hundreds digit of 296312620?
6
What is the tens digit of 47719619?
1
What is the tens digit of 749912327?
2
What is the thousands digit of 31220605?
0
What is the ten thousands digit of 773844891?
4
What is the hundreds digit of 27079334?
3
What is the hundred millions digit of 777149420?
7
What is the hundred thousands digit of 108709011?
7
What is the units digit of 12268370?
0
What is the hundred thousands digit of 114851202?
8
What is the hundred thousands digit of 161549829?
5
What is the ten thousands digit of 1675208854?
0
What is the tens digit of 197722809?
0
What is the ten thousands digit of 87937487?
3
What is the hundreds digit of 94734825?
8
What is the hundreds digit of 3834396?
3
What is the hundred thousands digit of 537408512?
4
What is the hundreds digit of 4724661402?
4
What is the ten millions digit of 233826362?
3
What is the hundreds digit of 20663837?
8
What is the hundred thousands